*r - 5*r - 5*q + 11. Let g(n) = r*z(n) - 4*m(n). Calculate g(3).
-11
Let x(o) = -4 - 1 - 4*o - o**3 + 6 - 4*o**2. Let c = -25 - -22. Let n = c + 0. Calculate x(n).
4
Let d(o) be the first derivative of -o**4/4 - 7*o**3/3 - 3*o**2 + 6*o + 139. What is d(-6)?
6
Let v be 6 - 8 - (10 + -1). Let x = -9 - v. Let n(s) = 2 + 3 - s - 6 + 0. Determine n(x).
-3
Let t be ((-5)/2)/((-1)/2). Let v = 68 + -41. Let i(j) = -v + 16 + 3*j + 16 - 5*j. Determine i(t).
-5
Let g(n) = -n + 1. Let l(d) = 6*d - 11. Let j(y) = -5*g(y) - l(y). Let s be (4/(-10))/((-70)/(-75) + -1). Determine j(s).
0
Suppose -5*y + 7 = -0*y - 4*j, y + 4*j - 11 = 0. Suppose -22*g = -19*g + y. Let m(k) = 13*k. Determine m(g).
-13
Suppose 22*l - 10*l = 48. Let x(a) be the third derivative of 1/6*a**3 + 0*a**5 - 1/40*a**6 + 0*a**l - 3*a**2 + 0 + 0*a. What is x(-1)?
4
Let b(f) = -3*f**2 - f + 3*f**2 - 5*f**3 + 26*f**3 + 3*f**3. Calculate b(-1).
-23
Suppose -3*s + 10 - 1 = 0. Let r(k) = k**3 + k**s - 2*k + 6 + 4*k**2 - k**3 + 4*k. Let z(o) = -o**3 - 4*o**2 - 4. Let m be z(-4). Give r(m).
-2
Let i(h) be the first derivative of 3*h**2/2 - 15*h + 110. Calculate i(6).
3
Let a be 0 + -2 - 2/(-1). Let p(c) = 21*c - 8. Let f(m) = 26*m - 7. Let j(w) = 4*f(w) - 5*p(w). What is j(a)?
12
Let h(r) = r**3 - 9*r**2 - 11*r + 14. Let a be -2*(-30)/8*(-8)/(-6). Let k be h(a). Let x(m) = -m**2 + 4*m - 1. Give x(k).
-1
Suppose 0*r + h - 12 = -4*r, 4 = h. Suppose -r*c - 19 = -5*v, 2*v + 3*c = 7*v - 21. Let a = 7 - v. Let d(o) = 2*o - 4. Give d(a).
4
Suppose 0 = 3*i - 4*m - 2, -8*i + 7 = -3*i - 3*m. Let z(h) = 3*h**3 + 6 - 73*h**2 - 6*h**3 + 4*h**3 + 72*h**i. What is z(0)?
6
Let l(r) = 12*r - 1. Let k(q) = 39*q - 2. Let v(n) = -3*k(n) + 10*l(n). Determine v(6).
14
Let s = -76 - -79. Let r(w) = 2*w**2 + w - 2. What is r(s)?
19
Let w(g) be the second derivative of 10*g - 1/6*g**3 + 0*g**2 + 0. Give w(4).
-4
Let c(w) = -w - 1. Let f be (2/(-5))/(((-36)/(-40))/(-9)). Suppose -9 = f*a - 21. Determine c(a).
-4
Let l(c) = 4 - 8 + 3*c - 2 - 2. Calculate l(3).
1
Let i be 2/((-4)/((-16)/4)). Let p(r) = 0*r**2 + 5 + 5*r - 3*r**2 + 1 - 4*r**i + r**3. Calculate p(6).
0
Let s(l) be the first derivative of -22 - 4*l + 1/2*l**2. Calculate s(2).
-2
Let r be (-14)/(-28)*(1 - -9). Suppose 3*p = -3*v + 3, -p + r*v = -3*p - 13. Let a(q) = q**3 - 7*q**2 + 5*q. Calculate a(p).
-6
Let l(r) = 32*r + 197. Let a be l(-6). Let h(j) be the third derivative of 0*j**3 + 1/10*j**a + 1/120*j**6 - j**2 + 0*j**4 + 0*j + 0. Give h(-6).
0
Suppose -20 = -4*b, -c - 2*c - 7 = -5*b. Let w(z) = z**3 - 6*z**2 - z - 1. Give w(c).
-7
Let s be 2/4 - ((-52)/(-8) - -1). Let o = 0 + s. Let a(m) = -m**2 - 7*m + 4. Give a(o).
4
Let r be 4 - (0 + 0 + 0). Let q(w) = 1 - r*w + w + 1. Let i(t) = t**2 + 34*t - 490. Let v be i(11). Determine q(v).
-13
Let b(j) = -3*j**2 - 3*j + 2. Let m(r) = -4*r**2 - 2*r + 2. Let i(o) = 3*b(o) - 2*m(o). Let f(u) = 23*u + 2. Let z be f(1). Suppose -9*v + 14*v = -z. Give i(v).
2
Let l(i) be the first derivative of -i**3/3 + 7*i**2/2 - 5*i - 10. Let o(b) = -2*b - 7. Let v be o(-3). Let w be v/(((-2)/5)/2). Give l(w).
5
Let v(a) = a + 2. Suppose 5*r = -4*q + q - 30, 0 = 3*q - 4*r + 3. Let n be (-4 + 33/6)*(q + 3). What is v(n)?
-1
Let h = 170 + -169. Let l(n) = 15*n**2 + 2*n - 1. Calculate l(h).
16
Let o(p) = -p**2 - 7*p + 5. Let n = 560 + -565. Give o(n).
15
Let c(r) = -13*r**2 - 3 - 2 + r**3 + 3*r**2 - 419*r + 418*r. Determine c(10).
-15
Suppose 0 = 5*l - 5 - 10. Suppose l*t = t + 12. Let b(y) = y**2 - 8*y + 2. What is b(t)?
-10
Let d(i) = 3*i - 7. Suppose 6*w - 4*w + 53 = 5*u, 4*u + 3*w - 24 = 0. What is d(u)?
20
Let n be -2 + (-4)/(3/(-3)). Suppose -n*h = -6*h - 20. Let j(y) = y**2 + 6*y - 2. What is j(h)?
-7
Let k(p) = -p**2 - 10*p**3 + 4*p**2 - 2 + 11*p**3 - 4*p. Suppose -3*i + 8 = -2*o, -4*i - 5*o - 10 = 10. Suppose -2*f + 1 - 9 = i. Give k(f).
-2
Let c(y) = -3*y**2 + 5*y - 6. Let i(p) = -p**2 + 8*p - 7. Let k be i(6). Let m(h) = 3*h**2 - 4*h + 5. Let d(z) = k*m(z) + 4*c(z). Calculate d(1).
4
Let h(r) = r - 1. Let i be h(-1). Let q(v) = 2*v - 1. Give q(i).
-5
Let o(a) = -1871*a - 2 + 933*a + 939*a. Suppose 0 = -2*k - 1 + 9. Give o(k).
2
Let m(n) = 2*n**3 - 10*n**2 + 9*n - 5. Let k be m(4). Let w(c) = -4*c. Determine w(k).
4
Let r(k) = 50*k + 47*k + 49*k - 154*k - 15. Calculate r(-6).
33
Suppose -u - 29 - 15 = 0. Let j = -44 - u. Let r(o) = o - 5. Calculate r(j).
-5
Let l(j) = -j**3 + 9*j**2 - j - 11. Let x be 8*2/(-7 - -9). Calculate l(x).
45
Let t(y) = y + 11*y + 6 - y**2 - 18*y. Let f be 23/6 + 6/36. Suppose -f*s - 1 = 23. Determine t(s).
6
Suppose -v + 58 = 42. Let q(b) = 4*b + 9 + 7 - v + 5 + b**2. Give q(-5).
10
Suppose -175 = -6*d + d. Let a(v) = -8 + 2*v + 36*v**2 - d*v**2 - 2*v. Determine a(0).
-8
Let r = 4 + -7. Let w(l) = -l**3 - 2*l**2 + 3*l + 4. Let a be w(r). Suppose -f = a*f. Let p(m) = m**3 + m**2 - m - 12. Give p(f).
-12
Suppose j + x = 4*j - 20, 3*x - 4 = j. Suppose 8*t = 4*t + j. Let l(u) = -2*u**2 + 2*u - 3. What is l(t)?
-7
Let a = -12 + 14. Suppose -9*d = -10*d + a. Suppose 0 = -d*q - 0*q - 2*n + 2, -5*n + 7 = 3*q. Let o(v) = 9*v**3. Calculate o(q).
-9
Let x(p) = -p**2 + 8*p - 6. Let g(i) = -2*i**2 + 16*i - 12. Let w(v) = 6*g(v) - 11*x(v). What is w(6)?
6
Let c(w) be the second derivative of 7*w**4/6 + 5*w**3/6 - 3*w**2/2 - 12*w. Let l(f) = 42*f**2 + 14*f - 8. Let s(b) = -11*c(b) + 4*l(b). Give s(-1).
14
Let z be 0 - (1 - (2 + 0)). Let v = 2 - z. Let x(a) = 10*a**3 + 14665214*a + 1 - 14665214*a. What is x(v)?
11
Let l(k) = -k**3 - 7*k**2 - 3*k - 5. Let q = 350 + -356. Determine l(q).
-23
Let x(t) = 2*t**2 + 15*t + 2. Let h(v) = 3*v**2 + 15*v + 1. Let s(b) = 5*h(b) - 6*x(b). Let k(y) = y**2 - 8*y - 4. Let l(d) = 5*k(d) - 2*s(d). Calculate l(-9).
3
Suppose -3*f = 1 - 13. Let r(o) = -1. Let y(h) = 6*h - 20. Let k(l) = 44*r(l) - 2*y(l). Let t(c) = -12*c - 5. Let v(b) = f*t(b) - 5*k(b). What is v(1)?
12
Let n(d) be the first derivative of -d**5/120 - d**4/4 + d**3/3 - 2*d - 46. Let y(w) be the third derivative of n(w). Calculate y(-5).
-1
Let m(d) = 3*d - 8. Let n be m(-2). Let l(f) = -f**3 - 14*f**2 - 2*f - 24. Give l(n).
4
Let x(n) be the second derivative of n**4/12 + n**3/3 + n**2/2 + 3*n + 3. Give x(-3).
4
Let j(w) = 3*w**2 + 2*w - 1. Let v be j(-2). Let p(d) = 3*d**2 + 21*d - 12. Let h(a) = 2*a**2 + 11*a - 6. Let u(l) = 5*h(l) - 3*p(l). Calculate u(v).
-1
Let p(n) = -n**2 + 5*n - 2. Let z be (-219)/(-45) - 6/(-45). Suppose -8 = z*g + 7. Let r = 0 - g. Give p(r).
4
Let r(u) be the third derivative of 4*u**5/15 - u**3/6 - u**2. Suppose -41*j = 20*j + 61. Calculate r(j).
15
Let d(u) = 44*u + 2. Let m be d(3). Let k(y) = 64*y + 69*y - m*y. Calculate k(6).
-6
Let f(g) = -g + 1. Let o(h) = -6*h - 3. Let c(w) = -2*w + 7. Let a be c(3). Let s(j) = a*o(j) - 5*f(j). What is s(-8)?
0
Let i be (0 - -1)/(-3 - -2) - -9. Let v(p) = -4 + 2 + 1 - i*p. Let y = 1 + -2. What is v(y)?
7
Let k = 3 + -6. Let q(o) = 2*o**2 - 2*o + 6. Let z(m) be the second derivative of m**4/12 - m**3/3 + 5*m**2/2 + 2*m. Let c(h) = -2*q(h) + 3*z(h). Give c(k).
0
Let o be 18/2 + 153/(-17). Let g(x) be the second derivative of -1/3*x**3 - 1/2*x**2 - 13*x + o. What is g(2)?
-5
Let z(t) = 1. Let y(h) = 3*h**2 - 3*h - 3. Let r(p) = y(p) + 4*z(p). Let w(k) = 2*k**2 - 4*k + 1. Let v(m) = -3*r(m) + 4*w(m). What is v(-7)?
1
Let j(s) = s - 4. Let y be j(-2). Let r(p) = p**3 + 5*p**2 - 5*p + 6. What is r(y)?
0
Let l(o) = 7*o**3 + o**2 + o. Suppose 30 + 0 = 3*w. Suppose w*c - 13*c = 3. What is l(c)?
-7
Suppose -81*b + 76*b = -25. Let h(t) be the first derivative of t**3/3 - 3*t**2 + 5*t + 2. Determine h(b).
0
Let l(n) = -13 + 61*n - 14*n - 19*n - n**2 - 16*n. Give l(11).
-2
Let f(l) = 0 + 4*l - 3*l**2 - 1 + l**3 - 3. Let g be (-1)/2*98/(-7). Suppose 4*a = -5*u - 8, -2*a + 4*u - 6 = g*u. Give f(a).
8
Let p(s) = 0 + 1016*s - 1 - 1015*s. Give p(-4).
-5
Suppose 18 = 15*q - 14*q. Suppose 3*h + x + x + 47 = 0, 13 = -h + 2*x. Let c = h + q. Let g(s) = -s**2 + 5*s - 4. Give g(c).
2
Let y(d) be the third derivative of d**4/6 - 12*d**2 + d. Let l be 6/(-12)*(0 - -2). What is y(l)?
-4
Let o(n) be the third derivative of n**6/120 - n**5/15 - n**4/4 + 5*n**3/6 + 13*n**2. Calculate o(4).
-19
Let s = -84 + 92. Suppose -14 = -6*p + s*p. Let j(z) = z**3 + 8*z**2 + 7*z + 7. Wh